hat are the prime factors of 12067393?
13, 29, 32009
What are the prime factors of 4818825074?
2, 7, 3697, 93103
What are the prime factors of 3968254025?
5, 19, 199, 41981
List the prime factors of 659724293.
659724293
List the prime factors of 163447933.
11, 809, 18367
List the prime factors of 5052421358.
2, 67, 37704637
What are the prime factors of 3473972?
2, 868493
List the prime factors of 79847913.
3, 26615971
What are the prime factors of 1972634740?
2, 5, 79, 1248503
What are the prime factors of 1002513375?
3, 5, 17, 101, 173
What are the prime factors of 1815360590?
2, 5, 89, 2039731
List the prime factors of 54518898.
2, 3, 7, 17, 29, 2633
What are the prime factors of 2267141542?
2, 223, 463, 10979
List the prime factors of 42888316.
2, 541, 19819
What are the prime factors of 52396168?
2, 11, 595411
What are the prime factors of 174934128?
2, 3, 89, 40949
List the prime factors of 692527191.
3, 59, 137, 28559
What are the prime factors of 5049599?
1459, 3461
What are the prime factors of 139319173?
7, 193, 103123
What are the prime factors of 2964200842?
2, 31, 4129, 11579
List the prime factors of 444917462.
2, 11, 1609, 12569
List the prime factors of 902715378.
2, 3, 150452563
List the prime factors of 1577683566.
2, 3, 131, 669077
List the prime factors of 1114411413.
3, 371470471
What are the prime factors of 250625027?
43, 61, 95549
List the prime factors of 3501995517.
3, 389110613
List the prime factors of 992049454.
2, 11, 45093157
What are the prime factors of 34327407?
3, 919, 12451
What are the prime factors of 424318718?
2, 212159359
What are the prime factors of 107405469?
3, 23, 518867
What are the prime factors of 123981915?
3, 5, 1481, 5581
What are the prime factors of 128799999?
3, 89, 113, 1423
What are the prime factors of 65757418?
2, 47, 53, 67, 197
List the prime factors of 374348621.
19, 23, 487, 1759
List the prime factors of 1550604357.
3, 17, 198719
What are the prime factors of 182163357?
3, 1663, 4057
What are the prime factors of 2805854249?
11, 23, 337, 32909
List the prime factors of 217407874.
2, 8837, 12301
What are the prime factors of 62754159?
3, 13, 1051, 1531
What are the prime factors of 635626859?
7, 2029, 44753
List the prime factors of 18718031.
18718031
List the prime factors of 6149954179.
103, 59708293
List the prime factors of 633661138.
2, 11, 197, 293, 499
What are the prime factors of 1280864234?
2, 13, 313, 157393
List the prime factors of 356638034.
2, 178319017
What are the prime factors of 87220018?
2, 4127, 10567
What are the prime factors of 3923243271?
3, 113, 3857663
List the prime factors of 8072787.
3, 1187, 2267
List the prime factors of 888116432.
2, 7, 101, 78511
List the prime factors of 181541195.
5, 11, 3300749
What are the prime factors of 1183358841?
3, 7, 56350421
What are the prime factors of 508220897?
508220897
List the prime factors of 814342738.
2, 11, 17, 23, 41, 2309
What are the prime factors of 3349527394?
2, 1674763697
List the prime factors of 607252215.
3, 5, 40483481
What are the prime factors of 3414946396?
2, 947, 901517
List the prime factors of 1399652294.
2, 31, 821, 887
What are the prime factors of 196988425?
5, 7879537
What are the prime factors of 18154117?
18154117
What are the prime factors of 484629343?
11, 23, 1915531
List the prime factors of 525515375.
5, 7, 11, 71, 769
What are the prime factors of 121758253?
121758253
List the prime factors of 14819232.
2, 3, 29, 5323
List the prime factors of 44705381.
7, 6386483
What are the prime factors of 37651096?
2, 7, 672341
List the prime factors of 334557405.
3, 5, 7, 13, 113, 241
What are the prime factors of 4994619659?
103, 541, 89633
List the prime factors of 16427917.
11, 1493447
What are the prime factors of 79197797?
7, 37, 305783
List the prime factors of 2683831246.
2, 401, 1733, 1931
List the prime factors of 634619702.
2, 29, 10941719
What are the prime factors of 19805812?
2, 13, 380881
What are the prime factors of 359510888?
2, 11, 181, 22571
List the prime factors of 579128979.
3, 11, 13, 839, 1609
What are the prime factors of 102115706?
2, 7, 11, 94727
List the prime factors of 95185075.
5, 383, 9941
What are the prime factors of 1249373032?
2, 449, 347821
List the prime factors of 1507742460.
2, 3, 5, 7, 23, 52027
What are the prime factors of 2580121866?
2, 3, 7, 6047, 10159
List the prime factors of 27718928.
2, 433, 4001
What are the prime factors of 5423666039?
11, 31, 15905179
What are the prime factors of 62792925?
3, 5, 13, 64403
List the prime factors of 55011740.
2, 5, 7, 443, 887
List the prime factors of 1581727203.
3, 7, 1195561
What are the prime factors of 1103812211?
14369, 76819
List the prime factors of 528387599.
528387599
List the prime factors of 713062114.
2, 2027, 175891
What are the prime factors of 640246468?
2, 160061617
List the prime factors of 1920125215.
5, 23, 16696741
List the prime factors of 906498084.
2, 3, 75541507
What are the prime factors of 408119454?
2, 3, 1709, 13267
List the prime factors of 2654912608.
2, 4339, 19121
List the prime factors of 221323733.
23, 83, 191, 607
List the prime factors of 73873009.
7, 541, 19507
List the prime factors of 54667197.
3, 13, 155747
What are the prime factors of 62280514?
2, 31140257
What are the prime factors of 99290655?
3, 5, 23, 43, 97
List the prime factors of 1014275494.
2, 139, 271, 13463
What are the prime factors of 481986455?
5, 96397291
List the prime factors of 147558238.
2, 73779119
What are the prime factors of 626252923?
2531, 247433
What are the prime factors of 514275649?
71, 151, 47969
List the prime factors of 69738848.
2, 2179339
List the prime factors of 44154622.
2, 41, 538471
List the prime factors of 68174670.
2, 3, 5, 103, 22063
What are the prime factors of 8049561?
3, 13, 206399
List the prime factors of 2537128.
2, 11, 2621
What are the prime factors of 232437857?
232437857
List the prime factors of 76138214.
2, 47, 809981
List the prime factors of 74947523.
7, 59, 89, 2039
What are the prime factors of 89396422?
2, 257, 173923
What are the prime factors of 33951598?
2, 241, 70439
List the prime factors of 56542987.
109, 518743
List the prime factors of 90075892.
2, 139, 162007
List the prime factors of 3711128680.
2, 5, 7, 449, 4217
What are the prime factors of 2202288283?
13, 169406791
List the prime factors of 302383349.
302383349
List the prime factors of 24655138.
2, 12327569
What are the prime factors of 68346337?
2549, 26813
List the prime factors of 2223332213.
3559, 624707
What are the prime factors of 257792104?
2, 107, 301159
List the prime factors of 3521503425.
3, 5, 11, 283, 15083
List the prime factors of 167409542.
2, 479, 174749
List the prime factors of 190457764.
2, 7, 6802063
List the prime factors of 58999121.
103, 572807
What are the prime factors of 415437171?
3, 138479057
List the prime factors of 233348641.
233348641
List the prime factors of 548594628.
2, 3, 45716219
What are the prime factors of 504719143?
41, 12310223
List the prime factors of 369986135.
5, 397, 186391
What are the prime factors of 1195907924?
2, 67, 4462343
What are the prime factors of 56687005?
5, 11337401
List the prime factors of 419576980.
2, 5, 1933, 10853
What are the prime factors of 1775651437?
7, 253664491
What are the prime factors of 109855614?
2, 3, 11, 149, 11171
What are the prime factors of 4738203?
3, 113, 1553
What are the prime factors of 3869052378?
2, 3, 644842063
What are the prime factors of 3053784144?
2, 3, 1489, 42727
What are the prime factors of 2030932431?
3, 11, 131, 149, 1051
List the prime factors of 124068167.
124068167
List the prime factors of 9027067.
7, 137, 9413
List the prime factors of 4399698.
2, 3, 733283
What are the prime factors of 204880496?
2, 19, 79, 449
What are the prime factors of 896962987?
896962987
List the prime factors of 1881857650.
2, 5, 37637153
List the prime factors of 53684701.
7, 613, 12511
What are the prime factors of 26503151?
107, 247693
What are the prime factors of 716769294?
2, 3, 4111, 29059
List the prime factors of 682477422.
2, 3, 11, 10340567
List the prime factors of 621271516.
2, 1373, 113123
List the prime factors of 27588471.
3, 197, 46681
What are the prime factors of 83492?
2, 20873
